= -12, 5*v = -m*j + 28. Let i(f) = f**2 - 3*f - 5. What are the prime factors of i(v)?
5, 7
Let s(n) = 14*n. Let r(t) = -5*t. Let p = 14 - 31. Let a(o) = p*r(o) - 6*s(o). List the prime factors of a(12).
2, 3
Let p be 39/65 + ((-3)/5 - -1). Suppose 5*c - c - 8 = 0. What are the prime factors of p*c - 414/(-9)?
2, 3
Suppose 2*u - 3*u - 2*p = -12, -2*p = 3*u - 28. Let x(c) = c**2 + 14. What are the prime factors of x(u)?
2, 3, 13
Let r = 31 + -24. Suppose -r*o + 424 = -66. List the prime factors of o.
2, 5, 7
Let b(f) = -25*f + 3947. List the prime factors of b(0).
3947
Let v(r) = -6*r**3 + 5*r + 17. List the prime factors of v(-5).
2, 7, 53
Let u = 46 + -18. Suppose 0*j + u = 2*j. Suppose j + 40 = 2*x. List the prime factors of x.
3
Suppose -4*i = -4*q - 532, -4*q - 222 = -3*i + 179. List the prime factors of i.
131
Let d be 5/2*60/50. Suppose -4*c - 12 = 0, 3*q + d*c = 2*q - 6. What are the prime factors of q?
3
Let c(n) = 12*n - 11 - 23*n - 9*n. List the prime factors of c(-4).
3, 23
Suppose -2 - 3 = -5*y, 0 = i + 3*y + 8. Let p(q) = q + 12. Let o be p(i). What are the prime factors of 26 - (2 + 0 - o)?
5
Suppose 3*o - 1 - 11 = 0. Suppose r = o*r - 192. Let x = 89 - r. List the prime factors of x.
5
Suppose 2*p = -175 - 35. Let a = p - -153. List the prime factors of a.
2, 3
Let n = -160 - -873. What are the prime factors of n?
23, 31
Let g(n) = n**3 + 5*n**2 + 5*n + 5. Let l be g(-6). Let m = 122 + l. List the prime factors of m.
61
Suppose 10*b = 5*b + 660. Suppose 6*z + 5*c = 5*z + b, -5*c - 249 = -2*z. What are the prime factors of z?
127
Suppose -1109 = -15*g - 74. Let s = g - -20. What are the prime factors of s?
89
Suppose 2*b - 2*t = 10, 0 = 6*t - 3*t. Let g be ((-24)/20)/((-6)/20). What are the prime factors of ((-2)/b)/(g/(-20))?
2
Let u be ((-4)/6)/(8/(-36)). Suppose -u*g + 5*o = -526, 142 = g - 0*g + 5*o. List the prime factors of g.
167
Let q = -421 + 638. List the prime factors of q.
7, 31
Suppose -u = 5*d - 1180, -2376 = -2*u - 2*d - 0*d. What are the prime factors of u?
2, 5, 7, 17
Suppose 6812 = 4*c + 3*r + 1455, -5*c - 5*r = -6695. List the prime factors of c.
2, 5, 67
Let x(i) = -6*i**3 - 8*i**2 - 14*i + 16. What are the prime factors of x(-7)?
2, 5, 89
Let z(v) = -v**2 - 12*v + 68. What are the prime factors of z(-12)?
2, 17
Let v(y) = 4*y + 8. Let m(l) = 5*l + 8. Let o(i) = -3*m(i) + 4*v(i). Let z be o(-11). What are the prime factors of 22/((-8)/z - 2)?
3, 11
Let v be (-3)/(-1)*8/3. Suppose 70 = 5*r + 4*z + 9, 0 = z - 4. Suppose -b + r = -v. List the prime factors of b.
17
Let d = -1146 - -1225. List the prime factors of d.
79
Suppose -2 = 3*n - 3*f + 7, 9 = 2*n + f. Suppose -n*x = -0*x - 220. What are the prime factors of x?
2, 5, 11
Let s(a) = a**2 + 2*a + 68. List the prime factors of s(0).
2, 17
Suppose 0 = -x - 2 - 5. Let n(w) = w**2 + 11*w + 9. Let a be n(x). Let c = a - -35. What are the prime factors of c?
2
What are the prime factors of (-1 + (-974)/(-4))/(17/34)?
5, 97
Let g be 0 - 18/(2 + 1). Let k be -2*(1 - g/(-4)). Let n = k - -11. What are the prime factors of n?
2, 3
Let f(i) = i**3 - 3*i**2 - 3*i - 5. Let v be f(4). Let s = -2 + v. What are the prime factors of (11/(-2))/(s/12)?
2, 11
Suppose -u - 56 = -5*y + 2*y, -2*y - 5*u + 9 = 0. List the prime factors of (-7)/(28/(-36))*y.
3, 17
Let i(r) = 2*r**3 + 37*r**2 - 10*r - 86. List the prime factors of i(-18).
2, 11, 19
Let z = -37 - -39. Suppose s = 6*p - p - 145, 3*p - 100 = -z*s. List the prime factors of p.
2, 3, 5
Suppose 3*c - 53 = -62. List the prime factors of 67 + (c + 5 - 2).
67
Let w(r) = 2*r**2 + 25*r + 21. What are the prime factors of w(18)?
3, 373
Suppose f + 2*f = -t + 585, 2*f + 1138 = 2*t. List the prime factors of t.
3, 191
Let a = 18 - 12. Let w(m) = -3*m + 4. Let v be w(0). Suppose -a*b = -v*b - 22. What are the prime factors of b?
11
Suppose 2*h + 237 = 5*x, 0*h + 5*x + 610 = -5*h. Let r = h + 183. List the prime factors of r.
2, 31
Let a = -621 - -1290. What are the prime factors of a?
3, 223
Let j = 29 + -69. Let y be (-8 + 132/16)/((-3)/348). Let k = y - j. What are the prime factors of k?
11
Let o(n) = -n**2 - 8*n + 8. Let q be o(-12). Let d be 6/10 + (-56)/q. Suppose 27 = d*c - 35. List the prime factors of c.
31
Suppose -o + 14 = -57. Suppose -2*m + 55 = -o. What are the prime factors of m?
3, 7
Let q = -1564 + 2812. List the prime factors of q.
2, 3, 13
Let t = 32 + -20. Suppose 2*q = 5*z - 28 - t, -24 = -3*z - 3*q. Suppose -4*o + 43 = 5*x, -x = 2*o - z - 3. List the prime factors of x.
7
Suppose -28*r + 27*r = 3*w + 11, -w + 7 = 3*r. Let t = -13 - 5. List the prime factors of (-1254)/t + r/(-6).
3, 23
Suppose 2*a - a = 72. List the prime factors of a.
2, 3
Let i(t) = -t**3 - 3*t**2 - t + 3. Let m be i(-4). Suppose -70 = 3*p + 2*p. Let j = m + p. What are the prime factors of j?
3
Let k(j) = 13*j**2 + 31*j - 19. What are the prime factors of k(-14)?
5, 419
Let j(r) = r**3 - 5*r**2 - 6*r - 2. Suppose -4*c - 18 = -2*g, 9 = 4*g + 4*c - 15. What are the prime factors of j(g)?
2, 3
Let y(k) be the third derivative of -k**4/24 - 4*k**3/3 - 6*k**2. Let f be y(-8). What are the prime factors of f + (-1 + 25)/1?
2, 3
Let m be (-134)/(-10) + (-2)/5. Suppose -2*q - m = -63. What are the prime factors of q?
5
Let l be 38/(9/((-18)/4)). Let s = 2 - l. What are the prime factors of s?
3, 7
Let c = 354 + 81. List the prime factors of c.
3, 5, 29
Suppose 2*g + 3*j = 6*j + 954, 4*g - 3*j - 1896 = 0. List the prime factors of g.
3, 157
Let z(i) = 5*i**2 + 6*i + 16. Let o be z(-11). Suppose 5*k - o = 170. List the prime factors of k.
5, 29
Let b(n) be the second derivative of -n**4/12 - 19*n**3/6 - 27*n**2/2 - 16*n. List the prime factors of b(-16).
3, 7
Suppose 5*h = 4*h. Let v be 0/(7 + -6) + (-3 - -5). Suppose h = d - w + v*w - 61, -4 = 4*w. What are the prime factors of d?
2, 31
Let m(i) = -i + 457. What are the prime factors of m(0)?
457
Let a(r) = -170*r**3 - r**2 - 7*r - 6. Let o be a(-2). List the prime factors of (-32)/(-12) + -3 - o/(-6).
227
Let b be (132/(-15))/(2/(-35)). Let v(w) = -9*w**2 - 3*w + 3. Let u be v(3). Let k = b + u. List the prime factors of k.
67
Let u(y) = 9*y**3 - 3*y**2 + 6*y - 16. Let m(l) = -4*l**3 + l**2 - 3*l + 8. Let o = -12 - -25. Let d(f) = o*m(f) + 6*u(f). List the prime factors of d(4).
2, 11
Let d(h) be the second derivative of -h**4/12 - h**3 - h**2/2 - h. Let f be d(-5). Suppose -90 = z - f*z. List the prime factors of z.
2, 3, 5
Let m(w) = -w**2 + 8*w - 13. Let i be m(5). Suppose i = -n - 7. Let y = 5 - n. What are the prime factors of y?
2, 7
Let q(i) = 9*i**2 + 9*i - 15. Let w be q(6). Suppose 0 = 6*g - 9 - w. List the prime factors of g.
2, 31
Let j(b) = -1370*b - 1. What are the prime factors of j(-2)?
3, 11, 83
Let o = -65 + 62. Let u = o - -53. What are the prime factors of u?
2, 5
Let c be (1 - 0)*30/10. Suppose 0 = 5*g - 6 - 4. Suppose 0 = -m + c + g. List the prime factors of m.
5
Let j be 50/(3 + -2) - 4. Let k(h) = 44*h**2 + 3*h + 0*h + 44 - j. List the prime factors of k(1).
3, 5
Suppose 5*c = 5*y - 35, -3*c = 3*y - 5*y + 16. Let n be ((-92)/(-20) - 4)*y. Suppose n*t - 31 = -13. What are the prime factors of t?
2, 3
Let r = 142 + -104. Suppose -2*y + r = -178. List the prime factors of y.
2, 3
Suppose 26*n - 1288 = 25*n. Suppose 13*t = 584 + n. List the prime factors of t.
2, 3
Let r = 1616 - 972. List the prime factors of r.
2, 7, 23
Let p(h) be the second derivative of 11*h**3/6 - 15*h**2/2 - 26*h. List the prime factors of p(8).
73
Let z = 1653 - 836. What are the prime factors of z?
19, 43
Suppose -c + 3*q = 18 - 6, c - q + 2 = 0. Let s(x) = -3*x + c*x**2 + 2*x**2 + 5 - x**2 + 0*x. List the prime factors of s(2).
3, 5
Let c = 22 + 10. Suppose 3*n - 2*m - c = 5, n - 12 = m. List the prime factors of n.
13
What are the prime factors of 2 - ((-1825)/3 + 44/(-66))?
13, 47
Suppose 5*a - 5*s = a + 6, 14 = 2*a + 3*s. Let p(n) = -21*n - 6. Let b be p(a). List the prime factors of (-1*6)/(27/b).
2, 5
Let d(t) = 5*t**2 - 1. Suppose 0 = -5*a - g - 5, 0*a - 2*a - g = 2. Let w be d(a). Suppose 0*y - 194 = -w*l + y, 3*l - 154 = 5*y. List the prime factors of l.
2, 3
Let l(q) = q**2 + 1. Let u be 78/(-65)*10/(-3). Let k be l(u). Suppose 3*w - 1 = k. What are the prime factors of w?
2, 3
Let k(g) = 